of 117867042.
2, 3, 23, 43, 2207
List the prime factors of 41915527.
29, 53, 27271
List the prime factors of 168889526.
2, 13, 17, 382103
List the prime factors of 129153435.
3, 5, 8610229
List the prime factors of 5715077747.
151, 37848197
List the prime factors of 3007590185.
5, 601518037
List the prime factors of 115206990.
2, 3, 5, 1481, 2593
List the prime factors of 281683697.
281683697
List the prime factors of 1848431312.
2, 7, 13, 181361
List the prime factors of 44098432.
2, 7, 79, 89
What are the prime factors of 972809943?
3, 7, 359, 129037
What are the prime factors of 2497874995?
5, 7, 11, 19, 37, 839
What are the prime factors of 6808987401?
3, 29, 71, 1102313
What are the prime factors of 313827207?
3, 104609069
List the prime factors of 1622137752.
2, 3, 834433
What are the prime factors of 3340233722?
2, 7, 43, 227, 24443
What are the prime factors of 2469282?
2, 3, 443, 929
List the prime factors of 39691100.
2, 5, 23, 17257
What are the prime factors of 1181082347?
127, 9299861
What are the prime factors of 573369232?
2, 19, 113, 16691
What are the prime factors of 37227310?
2, 5, 607, 6133
What are the prime factors of 26840608?
2, 838769
What are the prime factors of 12183773?
7, 73, 113, 211
What are the prime factors of 47183503?
47183503
What are the prime factors of 4968233865?
3, 5, 7, 15772171
List the prime factors of 24785098.
2, 13, 953273
List the prime factors of 16143368.
2, 157, 12853
What are the prime factors of 1283477425?
5, 51339097
List the prime factors of 1799772919.
7, 257110417
List the prime factors of 427101336.
2, 3, 17, 137, 283
What are the prime factors of 4500372?
2, 3, 127, 2953
List the prime factors of 317459635.
5, 1063, 59729
What are the prime factors of 37588237?
3769, 9973
List the prime factors of 112669585.
5, 7, 3219131
List the prime factors of 275986078.
2, 1471, 93809
List the prime factors of 126059107.
6841, 18427
List the prime factors of 6030085873.
7, 123062977
List the prime factors of 1475298144.
2, 3, 1707521
What are the prime factors of 3024545120?
2, 5, 18903407
What are the prime factors of 6631441017?
3, 127, 173, 100609
What are the prime factors of 53649816?
2, 3, 11, 103, 1973
What are the prime factors of 45130239?
3, 7, 11, 65123
List the prime factors of 7407142092.
2, 3, 7, 9797807
What are the prime factors of 145547842?
2, 11, 113, 127, 461
List the prime factors of 70783935.
3, 5, 379, 12451
List the prime factors of 284254281.
3, 31583809
List the prime factors of 17999194.
2, 19, 263, 1801
List the prime factors of 342682769.
11, 13, 131, 1663
List the prime factors of 45638616.
2, 3, 79, 24071
What are the prime factors of 117909677?
117909677
What are the prime factors of 367218454?
2, 487, 377021
List the prime factors of 457368540.
2, 3, 5, 223, 34183
What are the prime factors of 38901385?
5, 7780277
List the prime factors of 59258557.
23, 2576459
What are the prime factors of 5053188699?
3, 13, 53, 61, 73
What are the prime factors of 3052710128?
2, 13, 17, 863323
What are the prime factors of 72759502?
2, 41, 887311
What are the prime factors of 188607136?
2, 5893973
List the prime factors of 28904251.
28904251
What are the prime factors of 124559104?
2, 486559
List the prime factors of 2065976926.
2, 13, 79460651
List the prime factors of 449927599.
11, 127, 322067
What are the prime factors of 54522848?
2, 163, 10453
List the prime factors of 59834871.
3, 1013, 6563
What are the prime factors of 12770434?
2, 17, 41, 9161
List the prime factors of 74102969.
74102969
What are the prime factors of 101790777?
3, 11, 3084569
List the prime factors of 1192506608.
2, 74531663
What are the prime factors of 1691632297?
61, 71, 137, 2851
What are the prime factors of 173765622?
2, 3, 29, 998653
What are the prime factors of 78358821?
3, 26119607
What are the prime factors of 59333885?
5, 13, 912829
What are the prime factors of 1145335424?
2, 17, 31, 16979
What are the prime factors of 27614539?
27614539
List the prime factors of 4035412359.
3, 11, 173, 78539
List the prime factors of 310798185.
3, 5, 97, 227, 941
What are the prime factors of 251422610?
2, 5, 163, 154247
List the prime factors of 96713683.
11, 523, 16811
List the prime factors of 1006419599.
283, 3556253
List the prime factors of 32967451.
11, 19, 157739
List the prime factors of 695694235.
5, 47, 307, 9643
List the prime factors of 378333707.
577, 601, 1091
List the prime factors of 1455807922.
2, 53, 13734037
What are the prime factors of 57895867?
57895867
List the prime factors of 116500610.
2, 5, 11650061
What are the prime factors of 1229102800?
2, 5, 1307, 2351
List the prime factors of 1933981.
7, 29, 1361
What are the prime factors of 116323027?
17, 41, 157, 1063
What are the prime factors of 119741536?
2, 61, 61343
List the prime factors of 72885215.
5, 13, 43, 89, 293
What are the prime factors of 6562167?
3, 2187389
What are the prime factors of 132854611?
1753, 75787
List the prime factors of 475006846.
2, 331, 717533
What are the prime factors of 50580129?
3, 383, 44021
What are the prime factors of 350805099?
3, 67, 193, 9043
List the prime factors of 4401992853.
3, 29, 191, 227, 389
What are the prime factors of 49313270?
2, 5, 4931327
List the prime factors of 51629136.
2, 3, 13, 17, 31, 157
What are the prime factors of 44284880?
2, 5, 553561
What are the prime factors of 42281545?
5, 53, 159553
List the prime factors of 136329593.
136329593
List the prime factors of 1311280314.
2, 3, 53, 83, 49681
List the prime factors of 1978637948.
2, 7, 43, 1643387
What are the prime factors of 188788889?
157, 1202477
List the prime factors of 40331677.
1163, 34679
List the prime factors of 91316184.
2, 3, 41, 92801
What are the prime factors of 154102801?
47, 3278783
What are the prime factors of 608471783?
608471783
What are the prime factors of 2069529716?
2, 4493, 115153
List the prime factors of 1399218135.
3, 5, 7, 107, 124541
List the prime factors of 38045496.
2, 3, 23, 157, 439
What are the prime factors of 1922410668?
2, 3, 307, 373, 1399
What are the prime factors of 642551333?
642551333
List the prime factors of 39930250.
2, 5, 159721
What are the prime factors of 4138020628?
2, 7, 109, 937, 1447
List the prime factors of 2425912411.
13, 181, 1030987
List the prime factors of 14866475.
5, 13, 149, 307
List the prime factors of 14185545.
3, 5, 11, 149, 577
What are the prime factors of 1103635952?
2, 47, 547, 2683
List the prime factors of 2595294532.
2, 61, 10636453
What are the prime factors of 1839080587?
17, 108181211
What are the prime factors of 245292015?
3, 5, 16352801
What are the prime factors of 223655704?
2, 47, 594829
What are the prime factors of 343039237?
343039237
What are the prime factors of 1270121987?
31, 271, 4877
List the prime factors of 1012009205.
5, 67, 3020923
List the prime factors of 107734290.
2, 3, 5, 3591143
List the prime factors of 88815737.
3371, 26347
What are the prime factors of 2152287436?
2, 13, 41390143
List the prime factors of 488647207.
257, 643, 2957
What are the prime factors of 29424921?
3, 31, 41, 7717
List the prime factors of 16621634.
2, 1879, 4423
What are the prime factors of 1201641253?
1201641253
What are the prime factors of 64511998?
2, 73, 131, 3373
What are the prime factors of 34783520?
2, 5, 217397
List the prime factors of 3321534485.
5, 61, 10890277
What are the prime factors of 1482584006?
2, 37, 953, 21023
List the prime factors of 109415571.
3, 36471857
List the prime factors of 74354242.
2, 61, 609461
What are the prime factors of 127779436?
2, 89, 358931
List the prime factors of 3997999276.
2, 17, 29, 2027383
What are the prime factors of 27046981?
13, 1091, 1907
What are the prime factors of 5618146051?
7, 5381, 149153
List the prime factors of 102771822.
2, 3, 17128637
What are the prime factors of 238794283?
7, 13, 2624113
What are the prime factors of 379308489?
3, 7, 397, 45497
List the prime factors of 31047922.
2, 29, 73, 7333
List the prime factors of 639341999.
461, 1019, 1361
List the prime factors of 1531913838.
2, 3, 7, 13, 2805703
List the prime factors of 33812099.
17, 127, 15661
List the prime factors of 606091702.
2, 163, 1859177
List the prime factors of 27133160.
2, 5, 678329
Lis